-129 - ((79 - 112) + -42)
-54
What is 75 + (14 - 117 - -87)?
59
Calculate (-1 - -63) + (475 - 559).
-22
Calculate 6 - (-6 + 3 + -244 + 232).
21
What is -140 + 142 - (1 + -14 + 101)?
-86
What is (7 - 34) + -39 - (-2 - 0)?
-64
(45 + 11 - 4) + -1 + (-10 - (-2 - -1))
42
Calculate -7 + 3 + (49 - 53) - -19.
11
-21147 - -21162 - (-1 - (28 - -1))
45
What is the value of -45 - ((13 - 5) + -28 + 8)?
-33
What is the value of -16 - -38 - -34 - 21 - 4?
31
What is (40 - 13 - (35 - 2)) + -32?
-38
Calculate (-368 - -344) + (-4 - -80).
52
What is the value of 22 - 6 - 9 - (-380 - -289 - (9 - 0))?
107
Evaluate -63 - -58 - (0 + -13) - 47 - -3.
-36
Evaluate 69 + (-98 + 49 - -6).
26
Calculate -7 + (-9 - -26 - -4) + -20 + -25 + 9.
-22
8 + -50 + 10 + -12 + 4 + -4
-44
(22 - ((-22 - -33) + -23)) + -2 + -13
19
What is the value of 68 + (-21 - (-26 + -9 + 13)) + 1 + -11?
59
Calculate 14 + 46 + -32 + -24 - ((-2 - -4) + 19).
-17
1 + -8 + 107 + (85 - 97)
88
What is the value of (22 - (-6 - 13)) + (-13 - (-2 + 5))?
25
What is -316 + 279 - (1 - -5)?
-43
What is (-63 - -140) + 70 + -115?
32
6 + (1 - (-1 + 4) - (-63 + 5 + 11))
51
-39 + (-47 - -57) + 38
9
Calculate 13 - 6 - ((44 - -3) + 3).
-43
What is (-79 - 2 - -1 - (2 - 29 - -19)) + -6?
-78
Calculate 23 + (10 - 26) + 27 + 1.
35
Calculate 6 - (-6 - (-1 - (3 + -66) - 1 - 0)).
73
Calculate (-28 + 5 - (-228 - -155) - -2) + (-11 - 1).
40
Calculate (946 - 994) + 101 + 2.
55
Calculate (22 - 12) + (-53 - (-12 + -1)).
-30
What is -24 + 11 - (9 - (4 + (5 - -69)))?
56
What is 2 - -89 - ((-183 - -376) + -156)?
54
Evaluate 17 + -4 + -22 - (8 + -7 + 29).
-39
Calculate -17 + 0 - -10 - (10 + -88 - -10).
61
What is the value of 21 - (11 - 36 - (-51 - -28)) - -41?
64
What is (84 - 67) + -48 + -3 - -125?
91
-8 - -2 - -21 - 37 - 23
-45
Evaluate 8 - (5 - 9 - 11 - 27).
50
Calculate -26 - -25 - (10 - 8 - 7 - -37).
-33
What is (89 - (167 - -7)) + 111?
26
What is the value of (2 - -21) + 36 + (-38 - 36)?
-15
What is -69 + 3 + 12 + -7 + 7 + -25 - -4?
-75
Calculate -2830 + 2808 - (-5 - 2 - 1).
-14
Evaluate (43 - 25) + (21 - 97).
-58
What is the value of -73 + 7 + (8 - -1) + 11?
-46
What is 12 + (-4 - 7) + -16 + -11 + 11 + 9?
-6
Evaluate (-41 - -128) + (-4 - -16 - (10 - (-1 - -5))).
93
What is 479 + -475 - (5 + (2 - 5 - -3))?
-1
What is the value of (-1 - (20 + -40)) + -16 - -36?
39
What is (5 - -56) + (232 - 190) + -12?
91
What is 44 + (-1 - (2 - -43 - -6))?
-8
Calculate 202 + (172 - 419) + 71 + -2.
24
Calculate 25 - (18 - -65) - 5.
-63
What is the value of -30 + 47 + -41 + (2 - 7)?
-29
(-3809 - -3820) + (-1 + -4 - 1) - (-17 - -1)
21
-1 + -19 + (6535 - 6519 - (-1 + 0 - -8))
-11
What is the value of -59 + (-1 + 15 - (-22 - 2 - -37))?
-58
11 - -5 - (19 + -4) - 8 - (-35 + -5)
33
-20 + 5 - -6 - (-20 - (7 - 5) - 11)
24
Calculate 1 - -7 - -5 - 12 - 3 - -3 - -3.
4
What is the value of 22 - (78 + (-26 - -26) - -10)?
-66
-1 + 12 + (17 - (106 + -40 - 18))
-20
Calculate 1 - -60 - (159 + -54 + -128).
84
1344 + -1316 - (-24 + -2 + 2)
52
(65 - -7) + (-38 - (28 + -37))
43
76 + -61 - (47 - (9 - -5 - 11))
-29
What is -738 + 729 - (1 + (0 - 4 - 56) + -3)?
53
Evaluate 12 + -8 + -18 - ((-5 - 0) + 8).
-17
What is -1 + (-10 - -2) + (-37 + -30 - -42)?
-34
What is -107 - (-3 + 14 - 21) - (-10 + 11 + -12)?
-86
What is the value of 88 - (10 + (-5 - 0) + -7 + (0 - -2))?
88
Evaluate (-319 - (-266 - 79)) + (-1 - -12).
37
Evaluate 24 + (-12 - (-44 + 39)).
17
What is 114 + -140 - (-5 - -3 - (-7 - -19))?
-12
What is the value of -110 + (47 - -38) - -82?
57
What is the value of 3 - (-8 + 21 + -18 + 10) - (38 + -3)?
-37
What is the value of -82 - (-36 + (43 - 26) - -15)?
-78
What is 0 + -4 + 10 + 3 + (63 - (-60 + 53))?
79
What is the value of 4 + 7 + (-11 + -2 - -10) + -10 + 78?
76
(-1 - 36) + 86 + -26 - 80
-57
Calculate -8 + (-20 - (9 + (-24 - 57)) - 16).
28
What is the value of 5 - (-48 - 3 - (8 - 23))?
41
What is 0 + 38 - (527 + -503) - -11?
25
Evaluate -90 + -75 + 120 + -18.
-63
Calculate 19 + 14 + -32 + -29.
-28
Calculate -1 + -5 - (-70 + -110 + 164).
10
What is 62 - (-34 + 9 - -50)?
37
7 - (4 + 7 - (23 + 9))
28
What is the value of 20 - (8 + 3) - (6 + -5 + 3 - 16)?
21
What is the value of 89 + 11 + 22 + (2 - (35 + -14))?
103
Calculate 2 - (28 - 23) - -37 - -11.
45
What is 2 + -159 + (-296 - -353)?
-100
Calculate (1 - -63) + (5 - (-3 - 30 - -34)).
68
Evaluate 15 - (46 - 15) - (-39 - (-7 + -12)).
4
1 + -3 + (-17 - -3) - 10
-26
What is the value of 56 + -54 + -28 + -21?
-47
Evaluate (1 + -12 + -1 - -17) + -4 + 1.
2
What is the value of -16 - (39 + -70 - (12 - -1))?
28
Evaluate (-90 + 13 - (7 + 5 - 20)) + 11.
-58
Calculate -2 + 45 + (17 - (-46 + 53)).
53
What is 165 + -62 + -57 + -34?
12
Calculate -11 + 20 + -14 - 40.
-45
Evaluate (28 + -29 + 25 - -49) + 0.
73
Evaluate -1 + (-12 - (7 - 32) - (-19 + 21)) + 39.
49
Evaluate -22 + (48 - 12) + 26 + 9.
49
Evaluate 6 + (22 + -130 - -201).
99
What is the value of (3 - 2) + -2363 + 2451?
89
What is the value of -3 + (43 - 0) - 9?
31
Calculate 1 + 2 - (-62 - -90 - (2 - (-92 - -6))).
63
Calculate -9 + (0 + -6 + 1 + 6 - -12) - 52.
-48
-35 - (-63 + 15) - 39
-26
-15 - (5 + -2 - 4) - (-351 - -355)
-18
Calculate (-4 - (-13 + 29)) + 34 - -9.
23
What is the value of (1 - -5) + -48 + 140 + -154?
-56
-25 + 5 - -9 - (7 - (-12 + 25))
-5
Evaluate -2 + (-23 + 50 - 32) + -3 + -4 + 19.
5
Calculate -8 + -1 + -194 + 194.
-9
Evaluate 1 + -4 + 6 + 7 + (-6 - -14).
18
Evaluate (30 + -26 + -3 + -2 + 7 - -2) + -13.
-5
2 - 11 - 3 - (1119 - 1175)
44
Calculate 153 + (-18 - 176) + 2 + -2 + 8.
-33
What is the value of (-101 - -113) + 1 + -9 + -7 + 18?
15
Evaluate -454 - -460 - (62 - -2).
-58
Calculate -36 + -1 + -3 + 18 + -7.
-29
Calculate 13 + (-25 - -24) + 32 + -3.
41
What is (10 - ((20 - 11) + 6)) + (6 + 0 - 12)?
-11
What is (10 - (-1 - (0 - 2))) + (144 - (17 + 135))?
1
(-4 - (32 - -9)) + (4 - (-18 - -7))
-30
Calculate -48 + (-20 - (-3 - 33)) + 8.
-24
Evaluate 47 - (118 - 199 - -101).
27
What is the value of 37 + -56 + (-3 - -9) - (14 - 30 - 87)?
90
What is the value of -38 - (39 - 13 - 30)?
-34
What is the value of -13 - (-1 + (5 - 30)) - (-2 + 14 - 48)?
49
What is (6 - (-2 - 0)) + (-1 - -8) + -15?
0
What is the value of (4 - 97) + (956 - 790)?
73
Evaluate -1 + 423 + -450 + (1 - 3).
-30
Calculate (-2 - -6) + (5 - 66) - (-18 + -61 + 82).
-60
Evaluate -22 - (-8 + 5 + (-7 - -9)) - -2.
-19
3 - 2 - (-4912 + 4916 + -10 + (0 - -1))
6
What is 71 - (71 - (62 + -2))?
60
What is the value of 2 + 75 - (9 + (-2 + -2 - (42 - 48)))?
66
What is 17 + (-17 + 8 + -3 - -20)?
25
Evaluate 48 - (63 - (14 + 46)).
45
What is the value of (-157 - (20 + -70)) + 58?
-49
Evaluate 130 + 55 + -361 - -97.
-79
Evaluate -39 + (-7 - -1 - (26 - 31) - 11 - -5).
-46
0 - 7 - 3 - (-337 - -355)
-28
What is 31 - (-13 - (-27 + 14 + -19 + 0))?
12
-3 - 8 - (3821 + -3716)
-116
Evaluate (6 - (3 + -3)) + 4 + -2 + 0.
8
Calculate -4 - ((-29 + 43 - 3) + -68).
53
-3 + (-72 - (39 + -160))
46
Calculate (13 - (22 + -36)) + (-14 - -3).
16
What is the value of 380 + -413 + 7 + 1 + -14?
-39
What is -3 + (3 - -60) + (9 + 2 - 11 - 10)?
50
What is the value of 35 + 141 + (-123 - -55)?
108
What is 15 + (23 - (29 + (16 - 20))) - 138?
-125
What is -21 - 1 - (47 + 90 - 113)?
-46
30 + -92 - (-365 + 330)
-27
What is (0 - 23) + -139 + (367 - 113)?
92
-5 - -25 - (-2 + -11 - -1)
32
Evaluate -11 + -6 + -2 + 27 + -17.
-9
What is -52 - -17 - (2 + -44)?
7
Evaluate -3 + -7 + -5 + 4 + -26 + 11.
-26
What is (-107 - -45 - 3) + 107?
42
-62 + -3 + 72 + -15
-8
Evaluate (-9 + 3 - -6 - -10) + -2 + -7 + -102.
-101
What is 41 + -78 - -44 - -36?
43
Evaluate 16 + (-15 + 28 - 14).
15
What is -55 + 21 + 53 + (-4 - -27)?
42
What is (-1 - 1) + 32 + (-21961 - -22000)?
69
Calculate (-3 - -33) + (-1 + -3 - 12) + 13.
27
Evaluate -9 - ((449 - 428) + (-3 - (46 + 1))).
20
(58 - -61) + -47 + -103
-31
What is (18 + (12 - 9) + -9 - -33) + 5?
50
Evaluate -81 + 21 + -39 + 21.
-78
-87 + 16 + (-9 - -71) + (-11 - (0 - -1))
-21
What is 1745 + -1829 + 1 + -34?
-117
Calculate (-3 - (-10 - (-11 + 12))) + -3.
5
What is 97 - (69 + 9 + -10)?
29
What is the value of -43 - (1 + 0) - ((-36 - -346) + -310)?
-44
What is -39 - (58 + -95 + 31)?
-33
Evaluate 0 - ((1 - 2) + 82) - (-107 - (-258 + 140)).
-92
Evaluate -96 - -53 - (-2 - 1) - (-12 - (-2 - 5)).
-35
Evaluate (-16 - -7) + 